{"id":78,"date":"2018-02-05T20:15:46","date_gmt":"2018-02-05T20:15:46","guid":{"rendered":"http:\/\/sparding.eu\/?page_id=78"},"modified":"2018-02-20T12:12:53","modified_gmt":"2018-02-20T12:12:53","slug":"ipad","status":"publish","type":"page","link":"https:\/\/gertrud-sparding.de\/?page_id=78","title":{"rendered":"iPad"},"content":{"rendered":"<p><img loading=\"lazy\" decoding=\"async\" class=\"alignnone size-medium wp-image-111\" src=\"http:\/\/sparding.eu\/wp-content\/uploads\/2018\/02\/52219E7D-FB06-443D-BAC9-4C8239963D8A-300x200.jpeg\" alt=\"\" width=\"300\" height=\"200\" srcset=\"https:\/\/gertrud-sparding.de\/wp-content\/uploads\/2018\/02\/52219E7D-FB06-443D-BAC9-4C8239963D8A-300x200.jpeg 300w, https:\/\/gertrud-sparding.de\/wp-content\/uploads\/2018\/02\/52219E7D-FB06-443D-BAC9-4C8239963D8A-768x512.jpeg 768w, https:\/\/gertrud-sparding.de\/wp-content\/uploads\/2018\/02\/52219E7D-FB06-443D-BAC9-4C8239963D8A-1024x683.jpeg 1024w, https:\/\/gertrud-sparding.de\/wp-content\/uploads\/2018\/02\/52219E7D-FB06-443D-BAC9-4C8239963D8A.jpeg 1920w\" sizes=\"auto, (max-width: 300px) 100vw, 300px\" \/><\/p>\n<p>Tabletts wie z.B. das iPad sind wunderbare Alltagsbegleiter \u2013 zuhause und auf Reisen. Mit den richtigen \u201eApps\u201c (=Applikationen bzw. Anwendungsprogrammen) auf Ihrem iPad werden Ihre Informations- und Unterhaltungsw\u00fcnsche schnell erf\u00fcllt.<\/p>\n<ul>\n<li>Lernen Sie die vorhandenen Apps zu nutzen und neue Apps aus dem Internet zu laden.<\/li>\n<li>Geben Sie Ihre Kontakte ein oder &#8211; noch besser &#8211; lernen Sie, Ihre iPad-Kontakte mit den Kontakten aus Ihrem PC, MacBook oder iPhone zu synchronisieren.<\/li>\n<li>Schicken und empfangen Sie Mails.<\/li>\n<li>Verschaffen Sie sich dem Kalender einen \u00dcberblick \u00fcber Ihre Termine und vielleicht auch \u00fcber die Termine der anderen Familienmitglieder.<\/li>\n<li>Halten Sie Ihre to-do&#8217;s fest und haken Sie sie ab, wenn Sie die Dinge erledigt haben.<\/li>\n<li>Lassen Sie sich Ihre Tageszeitung oder Ihre Buchausleihe aufs iPad schicken &#8211; als Lekt\u00fcre im Ferienhaus oder auf Flugreisen.<\/li>\n<li>\u00dcbertragen Sie Fotos von Ihrem Fotoapparat, von Ihrem Computer oder von Ihrem Mobiltelefon auf das iPad, versch\u00f6nern Sie die Fotos, legen Sie Alben an.<\/li>\n<li>Entspannen Sie sich zwischendurch bei einer Runde Solit\u00e4r oder Sudoku.<\/li>\n<\/ul>\n<p>&nbsp;<\/p>\n<p>&nbsp;<\/p>\n","protected":false},"excerpt":{"rendered":"<p>Tabletts wie z.B. das iPad sind wunderbare Alltagsbegleiter \u2013 zuhause und auf Reisen. Mit den richtigen \u201eApps\u201c (=Applikationen bzw. Anwendungsprogrammen) auf Ihrem iPad werden Ihre Informations- und Unterhaltungsw\u00fcnsche schnell erf\u00fcllt. Lernen Sie die vorhandenen Apps zu nutzen und neue Apps aus dem Internet zu laden. Geben Sie Ihre Kontakte ein oder &#8211; noch besser &#8211; &hellip; <\/p>\n<p class=\"link-more\"><a href=\"https:\/\/gertrud-sparding.de\/?page_id=78\" class=\"more-link\"><span class=\"screen-reader-text\">\u201eiPad\u201c<\/span> weiterlesen<\/a><\/p>\n","protected":false},"author":1,"featured_media":0,"parent":0,"menu_order":0,"comment_status":"closed","ping_status":"closed","template":"","meta":{"footnotes":""},"class_list":["post-78","page","type-page","status-publish","hentry"],"_links":{"self":[{"href":"https:\/\/gertrud-sparding.de\/index.php?rest_route=\/wp\/v2\/pages\/78","targetHints":{"allow":["GET"]}}],"collection":[{"href":"https:\/\/gertrud-sparding.de\/index.php?rest_route=\/wp\/v2\/pages"}],"about":[{"href":"https:\/\/gertrud-sparding.de\/index.php?rest_route=\/wp\/v2\/types\/page"}],"author":[{"embeddable":true,"href":"https:\/\/gertrud-sparding.de\/index.php?rest_route=\/wp\/v2\/users\/1"}],"replies":[{"embeddable":true,"href":"https:\/\/gertrud-sparding.de\/index.php?rest_route=%2Fwp%2Fv2%2Fcomments&post=78"}],"version-history":[{"count":6,"href":"https:\/\/gertrud-sparding.de\/index.php?rest_route=\/wp\/v2\/pages\/78\/revisions"}],"predecessor-version":[{"id":211,"href":"https:\/\/gertrud-sparding.de\/index.php?rest_route=\/wp\/v2\/pages\/78\/revisions\/211"}],"wp:attachment":[{"href":"https:\/\/gertrud-sparding.de\/index.php?rest_route=%2Fwp%2Fv2%2Fmedia&parent=78"}],"curies":[{"name":"wp","href":"https:\/\/api.w.org\/{rel}","templated":true}]}}