{"id":76,"date":"2018-02-05T20:14:24","date_gmt":"2018-02-05T20:14:24","guid":{"rendered":"http:\/\/sparding.eu\/?page_id=76"},"modified":"2018-02-19T10:07:23","modified_gmt":"2018-02-19T10:07:23","slug":"iphone","status":"publish","type":"page","link":"https:\/\/gertrud-sparding.de\/?page_id=76","title":{"rendered":"iPhone"},"content":{"rendered":"<p><img loading=\"lazy\" decoding=\"async\" class=\"alignnone size-medium wp-image-59\" src=\"http:\/\/sparding.eu\/wp-content\/uploads\/2018\/02\/9BE1A8D3-0476-4C65-8CF4-BE3082827023-300x200.jpeg\" alt=\"\" width=\"300\" height=\"200\" srcset=\"https:\/\/gertrud-sparding.de\/wp-content\/uploads\/2018\/02\/9BE1A8D3-0476-4C65-8CF4-BE3082827023-300x200.jpeg 300w, https:\/\/gertrud-sparding.de\/wp-content\/uploads\/2018\/02\/9BE1A8D3-0476-4C65-8CF4-BE3082827023-768x512.jpeg 768w, https:\/\/gertrud-sparding.de\/wp-content\/uploads\/2018\/02\/9BE1A8D3-0476-4C65-8CF4-BE3082827023-1024x683.jpeg 1024w\" sizes=\"auto, (max-width: 300px) 100vw, 300px\" \/><\/p>\n<p><b>iPhone<\/b><br \/>\nDas iPhone ist weit mehr als ein Mobiltelefon und deswegen auch deutlich komplexer. Wer jedoch jederzeit und \u00fcberall die vielf\u00e4ltigen Funktionalit\u00e4ten eines Computers \u201eaus der Hand- oder Hosentasche heraus\u201c nutzen m\u00f6chte die, kommt um ein iPhone nicht herum. Ich kann Ihnen den sicheren Umgang damit beibringen, und ich sage voraus: Sie werden Ihre Freude mit diesem kleinen Ger\u00e4t haben und es nicht mehr missen wollen.<\/p>\n<p><span style=\"margin: 0px; color: #333333; font-family: 'Helvetica',sans-serif;\">Lernen Sie, wie Sie zun\u00e4chst, wie Sie mit der Funktion &#8220;Einstellungen&#8221; den Umgang mit dem iPhone verbessern k\u00f6nnen.<\/span><\/p>\n<ul>\n<li><span style=\"margin: 0px; color: #333333; font-family: 'Helvetica',sans-serif;\">Lernen Sie die Telefon-App und den schicken iPhone-Anrufbeantworter kennen.<\/span><\/li>\n<li><span style=\"margin: 0px; color: #333333; font-family: 'Helvetica',sans-serif;\">Senden Sie Nachrichten, also SMS oder &#8211; noch besser &#8211; die Apple-eigenen iMessages an Familie und Bekannte.<\/span><\/li>\n<li><span style=\"margin: 0px; color: #333333; font-family: 'Helvetica',sans-serif;\">Lernen Sie Umgang mit WhatsApp, legen Sie Gruppen an tauschen Sie sich aus mit Familie, Nachbarn, Vereinsmitgliedern und und \u2026<\/span><\/li>\n<li><span style=\"margin: 0px; color: #333333; font-family: 'Helvetica',sans-serif;\">Schicken und empfangen Sie Mails<\/span><span style=\"color: #000000; font-family: Calibri;\">.<\/span><\/li>\n<li><span style=\"margin: 0px; color: #333333; font-family: 'Helvetica',sans-serif;\">Geben Sie neue Kontakte ein oder synchronisieren Sie Ihre vorhandenen Kontakte mit den Kontakten auf Ihrem PC, MacBook oder iPhone. Legen Sie Favoriten an.<\/span><\/li>\n<li><span style=\"margin: 0px; color: #333333; font-family: 'Helvetica',sans-serif;\">Verschaffen Sie sich mit dem Kalender einen \u00dcberblick \u00fcber Ihre Termine und vielleicht auch \u00fcber die Termine der anderen Familienmitglieder.<\/span><\/li>\n<li><span style=\"margin: 0px; color: #333333; font-family: 'Helvetica',sans-serif;\">Schauen Sie sich die neue Wohnung Ihrer Freunde in Australien an.<\/span><\/li>\n<li><span style=\"margin: 0px; color: #333333; font-family: 'Helvetica',sans-serif;\">Finden Sie Ihren Weg mit der Karten-App.<\/span><\/li>\n<li><span style=\"margin: 0px; color: #333333; font-family: 'Helvetica',sans-serif;\">Surfen Sie im Internet.<\/span><\/li>\n<li><span style=\"margin: 0px; color: #333333; font-family: 'Helvetica',sans-serif;\">H\u00f6ren Sie Musik<\/span><span style=\"color: #000000; font-family: Calibri;\">.<\/span><\/li>\n<li><span style=\"margin: 0px; color: #333333; font-family: 'Helvetica',sans-serif;\">Fotografieren und filmen Sie mit dem iPhone und lassen Sie andere Ihre Aufnahmen unmittelbar sehen.<\/span><\/li>\n<\/ul>\n<p>&nbsp;<\/p>\n","protected":false},"excerpt":{"rendered":"<p>iPhone Das iPhone ist weit mehr als ein Mobiltelefon und deswegen auch deutlich komplexer. Wer jedoch jederzeit und \u00fcberall die vielf\u00e4ltigen Funktionalit\u00e4ten eines Computers \u201eaus der Hand- oder Hosentasche heraus\u201c nutzen m\u00f6chte die, kommt um ein iPhone nicht herum. Ich kann Ihnen den sicheren Umgang damit beibringen, und ich sage voraus: Sie werden Ihre Freude &hellip; <\/p>\n<p class=\"link-more\"><a href=\"https:\/\/gertrud-sparding.de\/?page_id=76\" class=\"more-link\"><span class=\"screen-reader-text\">\u201eiPhone\u201c<\/span> weiterlesen<\/a><\/p>\n","protected":false},"author":1,"featured_media":0,"parent":0,"menu_order":0,"comment_status":"closed","ping_status":"closed","template":"","meta":{"footnotes":""},"class_list":["post-76","page","type-page","status-publish","hentry"],"_links":{"self":[{"href":"https:\/\/gertrud-sparding.de\/index.php?rest_route=\/wp\/v2\/pages\/76","targetHints":{"allow":["GET"]}}],"collection":[{"href":"https:\/\/gertrud-sparding.de\/index.php?rest_route=\/wp\/v2\/pages"}],"about":[{"href":"https:\/\/gertrud-sparding.de\/index.php?rest_route=\/wp\/v2\/types\/page"}],"author":[{"embeddable":true,"href":"https:\/\/gertrud-sparding.de\/index.php?rest_route=\/wp\/v2\/users\/1"}],"replies":[{"embeddable":true,"href":"https:\/\/gertrud-sparding.de\/index.php?rest_route=%2Fwp%2Fv2%2Fcomments&post=76"}],"version-history":[{"count":6,"href":"https:\/\/gertrud-sparding.de\/index.php?rest_route=\/wp\/v2\/pages\/76\/revisions"}],"predecessor-version":[{"id":206,"href":"https:\/\/gertrud-sparding.de\/index.php?rest_route=\/wp\/v2\/pages\/76\/revisions\/206"}],"wp:attachment":[{"href":"https:\/\/gertrud-sparding.de\/index.php?rest_route=%2Fwp%2Fv2%2Fmedia&parent=76"}],"curies":[{"name":"wp","href":"https:\/\/api.w.org\/{rel}","templated":true}]}}